{"version":"1.0","provider_name":"GIPCE","provider_url":"https:\/\/gipce.cat\/es\/","author_name":"suport","author_url":"https:\/\/gipce.cat\/es\/author\/suport\/","title":"Actualidad mercado de alquiler en Catalu\u00f1a | GIPCE","type":"rich","width":600,"height":338,"html":"<blockquote class=\"wp-embedded-content\" data-secret=\"uxuwt7tqi4\"><a href=\"https:\/\/gipce.cat\/es\/formacio\/actualidad-mercado-de-alquiler-en-cataluna\/\">Actualidad mercado de alquiler en Catalu\u00f1a<\/a><\/blockquote><iframe sandbox=\"allow-scripts\" security=\"restricted\" src=\"https:\/\/gipce.cat\/es\/formacio\/actualidad-mercado-de-alquiler-en-cataluna\/embed\/#?secret=uxuwt7tqi4\" width=\"600\" height=\"338\" title=\"\u00abActualidad mercado de alquiler en Catalu\u00f1a\u00bb \u2014 GIPCE\" data-secret=\"uxuwt7tqi4\" frameborder=\"0\" marginwidth=\"0\" marginheight=\"0\" scrolling=\"no\" class=\"wp-embedded-content\"><\/iframe><script type=\"text\/javascript\">\n\/* <![CDATA[ *\/\n\/*! This file is auto-generated *\/\n!function(d,l){\"use strict\";l.querySelector&&d.addEventListener&&\"undefined\"!=typeof URL&&(d.wp=d.wp||{},d.wp.receiveEmbedMessage||(d.wp.receiveEmbedMessage=function(e){var t=e.data;if((t||t.secret||t.message||t.value)&&!\/[^a-zA-Z0-9]\/.test(t.secret)){for(var s,r,n,a=l.querySelectorAll('iframe[data-secret=\"'+t.secret+'\"]'),o=l.querySelectorAll('blockquote[data-secret=\"'+t.secret+'\"]'),c=new RegExp(\"^https?:$\",\"i\"),i=0;i<o.length;i++)o[i].style.display=\"none\";for(i=0;i<a.length;i++)s=a[i],e.source===s.contentWindow&&(s.removeAttribute(\"style\"),\"height\"===t.message?(1e3<(r=parseInt(t.value,10))?r=1e3:~~r<200&&(r=200),s.height=r):\"link\"===t.message&&(r=new URL(s.getAttribute(\"src\")),n=new URL(t.value),c.test(n.protocol))&&n.host===r.host&&l.activeElement===s&&(d.top.location.href=t.value))}},d.addEventListener(\"message\",d.wp.receiveEmbedMessage,!1),l.addEventListener(\"DOMContentLoaded\",function(){for(var e,t,s=l.querySelectorAll(\"iframe.wp-embedded-content\"),r=0;r<s.length;r++)(t=(e=s[r]).getAttribute(\"data-secret\"))||(t=Math.random().toString(36).substring(2,12),e.src+=\"#?secret=\"+t,e.setAttribute(\"data-secret\",t)),e.contentWindow.postMessage({message:\"ready\",secret:t},\"*\")},!1)))}(window,document);\n\/* ]]> *\/\n<\/script>\n","thumbnail_url":"https:\/\/gipce.cat\/wp-content\/uploads\/2020\/12\/Recurso-1.png","thumbnail_width":113,"thumbnail_height":113,"description":"Sesi\u00f3n informativa para analizar la Ley 1\/2022, en vigor desde el pasado 3 de marzo, que recupera y amplia las medidas para afrontar la emergencia social en materia de vivienda. Por otro lado, tambi\u00e9n se expliar\u00e1 el contenido de la sentencia del Tribunal Constitucional que deroga parte de la Ley de contenci\u00f3n de rentas. PROGRAMA: [&hellip;]"}

Actualidad mercado de alquiler en Cataluña | GIPCE

<blockquote class="wp-embedded-content" data-secret="uxuwt7tqi4"><a href="https://gipce.cat/es/formacio/actualidad-mercado-de-alquiler-en-cataluna/">Actualidad mercado de alquiler en Cataluña</a></blockquote><iframe sandbox="allow-scripts" security="restricted" src="https://gipce.cat/es/formacio/actualidad-mercado-de-alquiler-en-cataluna/embed/#?secret=uxuwt7tqi4" width="600" height="338" title="«Actualidad mercado de alquiler en Cataluña» — GIPCE" data-secret="uxuwt7tqi4" frameborder="0" marginwidth="0" marginheight="0" scrolling="no" class="wp-embedded-content"></iframe><script type="text/javascript">
/* <![CDATA[ */
/*! This file is auto-generated */
!function(d,l){"use strict";l.querySelector&&d.addEventListener&&"undefined"!=typeof URL&&(d.wp=d.wp||{},d.wp.receiveEmbedMessage||(d.wp.receiveEmbedMessage=function(e){var t=e.data;if((t||t.secret||t.message||t.value)&&!/[^a-zA-Z0-9]/.test(t.secret)){for(var s,r,n,a=l.querySelectorAll('iframe[data-secret="'+t.secret+'"]'),o=l.querySelectorAll('blockquote[data-secret="'+t.secret+'"]'),c=new RegExp("^https?:$","i"),i=0;i<o.length;i++)o[i].style.display="none";for(i=0;i<a.length;i++)s=a[i],e.source===s.contentWindow&&(s.removeAttribute("style"),"height"===t.message?(1e3<(r=parseInt(t.value,10))?r=1e3:~~r<200&&(r=200),s.height=r):"link"===t.message&&(r=new URL(s.getAttribute("src")),n=new URL(t.value),c.test(n.protocol))&&n.host===r.host&&l.activeElement===s&&(d.top.location.href=t.value))}},d.addEventListener("message",d.wp.receiveEmbedMessage,!1),l.addEventListener("DOMContentLoaded",function(){for(var e,t,s=l.querySelectorAll("iframe.wp-embedded-content"),r=0;r<s.length;r++)(t=(e=s[r]).getAttribute("data-secret"))||(t=Math.random().toString(36).substring(2,12),e.src+="#?secret="+t,e.setAttribute("data-secret",t)),e.contentWindow.postMessage({message:"ready",secret:t},"*")},!1)))}(window,document);
/* ]]> */
</script>

Sesión informativa para analizar la Ley 1/2022, en vigor desde el pasado 3 de marzo, que recupera y amplia las medidas para afrontar la emergencia social en materia de vivienda. Por otro lado, también se expliará el contenido de la sentencia del Tribunal Constitucional que deroga parte de la Ley de contención de rentas. PROGRAMA: [&hellip;]
